{"id":2239,"date":"2018-09-06T23:41:48","date_gmt":"2018-09-06T22:41:48","guid":{"rendered":"http:\/\/taubenrennen.baiv.de\/?page_id=2239"},"modified":"2019-02-06T21:34:35","modified_gmt":"2019-02-06T20:34:35","slug":"asstaubenwertung-nach-drei-fluegen","status":"publish","type":"page","link":"https:\/\/taubenrennen.baiv.de\/?page_id=2239","title":{"rendered":"Asstaubenwertung nach drei Fl\u00fcgen"},"content":{"rendered":"<p>Werte Sportfreunde anbei die Asstaubenwertung nach drei Fl\u00fcgen: Aufgef\u00fchrt sind alle Tauben die drei Preise haben, also immer im ersten Drittel dabei waren. Bisher f\u00fchrt  Taube 07499-18-308 vom Team de Winter die Asstaubenwertung an! Allen Gut Flug f\u00fcrs Finale!<br \/>\n07499-18-308<br \/>\nTeam de Winter<br \/>\n8<br \/>\n31<br \/>\n14<\/p>\n<p>3 P 53<\/p>\n<p>Taubennummer<br \/>\nZ\u00fcchter<br \/>\nPreisflug 1<br \/>\nPreisflug 2<br \/>\nPreisflug 3<br \/>\nFinale<br \/>\nPreise\/Punktzahl<br \/>\n03460-18-1405<br \/>\nBlauer Vogel<br \/>\n19<br \/>\n88<br \/>\n23<\/p>\n<p>3 P 130<br \/>\n09127-18-390<br \/>\nBrieskorn, Frank<br \/>\n112<br \/>\n24<br \/>\n49<\/p>\n<p>3 P 185<br \/>\n05986-18-36<br \/>\nBuchloh, Werner<br \/>\n77<br \/>\n73<br \/>\n127<\/p>\n<p>3 P 277<br \/>\n05986-18-38<br \/>\nBuchloh, Werner<br \/>\n115<br \/>\n52<br \/>\n22<\/p>\n<p>3P 189<br \/>\nNL 18 1050093<br \/>\nCom Seggelen Wolvers<br \/>\n10<br \/>\n81<br \/>\n2<\/p>\n<p>3 P 93<br \/>\nNL 18 1050088<br \/>\nCom Seggelen Wolvers<br \/>\n13<br \/>\n39<br \/>\n3<\/p>\n<p>3 P 55<br \/>\nNL 18 1049774<br \/>\nCom Seggelen Wolvers<br \/>\n7<br \/>\n41<br \/>\n21<\/p>\n<p>3 P 69<br \/>\nNL 18 1029362<br \/>\nCom Seggelen Wolvers<br \/>\n76<br \/>\n23<br \/>\n39<\/p>\n<p>3 P 138<br \/>\nNL 18 1029363<br \/>\nCom Seggelen Wolvers<br \/>\n121<br \/>\n108<br \/>\n58<\/p>\n<p>3 P 287<br \/>\n02625-18-550<br \/>\nDorfteam Enger<br \/>\n78<br \/>\n61<br \/>\n8<\/p>\n<p>3 P 147<br \/>\n03079-18-35<br \/>\nDr. Willi Ohnesorge<br \/>\n127<br \/>\n64<br \/>\n118<\/p>\n<p>3 P 309<br \/>\n07196-18-1689<br \/>\nDr. Angela Targatz<br \/>\n9<br \/>\n48<br \/>\n62<\/p>\n<p>3 P 119<br \/>\n02523-18-101<br \/>\nBernd Hollmann<br \/>\n100<br \/>\n92<br \/>\n18<\/p>\n<p>3 P 210<br \/>\n03095-18-141<br \/>\nWilfried Lemke<br \/>\n131<br \/>\n3<br \/>\n13<\/p>\n<p>3 P 147<br \/>\n03214-18-285<br \/>\nBernhard Meyer<br \/>\n126<br \/>\n27<br \/>\n29<\/p>\n<p>3 P 182<br \/>\n07267-18-133<br \/>\nChristian Rauss<br \/>\n64<br \/>\n128<br \/>\n128<\/p>\n<p>3 P 320<br \/>\n07206-18-434<br \/>\nDominik Reinke<br \/>\n74<br \/>\n6<br \/>\n20<\/p>\n<p>3 P 100<br \/>\n06088-18-23<br \/>\nSG Koch-R\u00fcsing<br \/>\n75<br \/>\n50<br \/>\n47<\/p>\n<p>3 P 172<br \/>\n07605-18-1529<br \/>\nTeam Bensheim Pentzin<br \/>\n6<br \/>\n126<br \/>\n4<\/p>\n<p>3 P 136<br \/>\nNL 18 1281008<br \/>\nTeam Bony Farma<br \/>\n16<br \/>\n109<br \/>\n114<\/p>\n<p>3 P 239<br \/>\nNL 18 1281022<br \/>\nTeam Bony Farma<br \/>\n98<br \/>\n21<br \/>\n35<\/p>\n<p>3 P 154<br \/>\nNL 18 1281024<br \/>\nTeam Bony Farma<br \/>\n12<br \/>\n7<br \/>\n68<\/p>\n<p>3 P 87<br \/>\n04425-18-97<br \/>\nTeam Busche<br \/>\n147<br \/>\n85<br \/>\n121<\/p>\n<p>3 P 353<br \/>\n03460-18-1269<br \/>\nTeam Club Verl<br \/>\n157<br \/>\n33<br \/>\n113<\/p>\n<p>3 P 303<br \/>\n07499-18-238<br \/>\nTeam de Winter<br \/>\n92<br \/>\n97<br \/>\n46<\/p>\n<p>3 P 235<br \/>\n07499-18-308<br \/>\nTeam de Winter<br \/>\n8<br \/>\n31<br \/>\n14<\/p>\n<p>3 P 53<br \/>\nNL 18 1130974<br \/>\nTeam lin y.<br \/>\n55<br \/>\n17<br \/>\n16<\/p>\n<p>3 P 88<br \/>\n07499-18-367<br \/>\nTeam Mister X<br \/>\n87<br \/>\n133<br \/>\n106<\/p>\n<p>3 P 326<br \/>\n02271-18-262<br \/>\nTeam Tichelwarf<br \/>\n111<br \/>\n37<br \/>\n5<\/p>\n<p>3 P 153<br \/>\n02271-18-264<br \/>\nTeam Tichelwarf<br \/>\n67<br \/>\n127<br \/>\n17<\/p>\n<p>3 P 211<br \/>\nNL 18 1049759<br \/>\nThe Flying Dutch Men<br \/>\n50<br \/>\n4<br \/>\n1<\/p>\n<p>3 P 55<br \/>\nNL 18 1050201<br \/>\nThe Flying Dutch Men<br \/>\n41<br \/>\n146<br \/>\n19<\/p>\n<p>3 P 206<\/p>\n","protected":false},"excerpt":{"rendered":"<p>Werte Sportfreunde anbei die Asstaubenwertung nach drei Fl\u00fcgen: Aufgef\u00fchrt sind alle Tauben die drei Preise haben, also immer im ersten Drittel dabei waren. Bisher f\u00fchrt Taube 07499-18-308 vom Team de Winter die Asstaubenwertung an! Allen Gut Flug f\u00fcrs Finale! 07499-18-308 &hellip; <a href=\"https:\/\/taubenrennen.baiv.de\/?page_id=2239\">Weiterlesen <span class=\"meta-nav\">&rarr;<\/span><\/a><\/p>\n","protected":false},"author":1,"featured_media":0,"parent":2311,"menu_order":29,"comment_status":"closed","ping_status":"closed","template":"","meta":{"footnotes":"","_links_to":"","_links_to_target":""},"class_list":["post-2239","page","type-page","status-publish","hentry"],"_links":{"self":[{"href":"https:\/\/taubenrennen.baiv.de\/index.php?rest_route=\/wp\/v2\/pages\/2239","targetHints":{"allow":["GET"]}}],"collection":[{"href":"https:\/\/taubenrennen.baiv.de\/index.php?rest_route=\/wp\/v2\/pages"}],"about":[{"href":"https:\/\/taubenrennen.baiv.de\/index.php?rest_route=\/wp\/v2\/types\/page"}],"author":[{"embeddable":true,"href":"https:\/\/taubenrennen.baiv.de\/index.php?rest_route=\/wp\/v2\/users\/1"}],"replies":[{"embeddable":true,"href":"https:\/\/taubenrennen.baiv.de\/index.php?rest_route=%2Fwp%2Fv2%2Fcomments&post=2239"}],"version-history":[{"count":2,"href":"https:\/\/taubenrennen.baiv.de\/index.php?rest_route=\/wp\/v2\/pages\/2239\/revisions"}],"predecessor-version":[{"id":2310,"href":"https:\/\/taubenrennen.baiv.de\/index.php?rest_route=\/wp\/v2\/pages\/2239\/revisions\/2310"}],"up":[{"embeddable":true,"href":"https:\/\/taubenrennen.baiv.de\/index.php?rest_route=\/wp\/v2\/pages\/2311"}],"wp:attachment":[{"href":"https:\/\/taubenrennen.baiv.de\/index.php?rest_route=%2Fwp%2Fv2%2Fmedia&parent=2239"}],"curies":[{"name":"wp","href":"https:\/\/api.w.org\/{rel}","templated":true}]}}