{"id":2584,"date":"2020-01-21T18:19:50","date_gmt":"2020-01-21T17:19:50","guid":{"rendered":"http:\/\/taubenrennen.baiv.de\/?page_id=2584"},"modified":"2021-08-18T10:46:15","modified_gmt":"2021-08-18T09:46:15","slug":"ausschreibung-zum-11-teutoburgerwaldtaubenrennen-am-18-september-2020","status":"publish","type":"page","link":"https:\/\/taubenrennen.baiv.de\/?page_id=2584","title":{"rendered":"Ausschreibung zum 11. Teutoburgerwaldtaubenrennen am 18. September 2020"},"content":{"rendered":"\n<p>Fr\u00fchbucherrabatte (Abk\u00fcrzung:FR) beachten; er geht bis sp\u00e4testens zum<\/p>\n<p>15.Januar 2020, sofern es noch Startpl\u00e4tze gibt!<\/p>\n<p>Endflug S\u00fcd- Ost \u00fcber 300 km! Es gibt f\u00fcr jede Taube 5 Gewinnchancen:<\/p>\n<p>drei Preisfl\u00fcge, Asstaubenwertung und der Finalflug! F\u00fcr je 4 bezahlte<\/p>\n<p>Tauben gibt es einen Geldpreis auf dem Endflug!<\/p>\n<p>Platz 1: 6000 Euro bei 400 bezahlten Tauben. Insgesamt gibt es \u00fcber<\/p>\n<p>35000 Euro Preisgeld bei 400 bezahlten Tauben! Es gibt dann 100 Geld-<\/p>\n<p>preise auf dem Endflug!<\/p>\n<p>Es werden \u00fcber 54% der Startgeb\u00fchr ausgesch\u00fcttet.<\/p>\n<p>Eine Taube kostet 160 Euro. F\u00fcr Tauben, f\u00fcr die zu Beginn kein Startgeld<\/p>\n<p>bezahlt wird, wie z.b.Reservetauben, Freitauben,Gutscheintauben, muss<\/p>\n<p>20 Euro Versorgungsgeld gezahlt werden. Jedem ist es selbst freigestellt,<\/p>\n<p>ob er das Angebot von Reservetauben oder Gutscheintauben annimmt.<\/p>\n<p>Sollte eine Freitaube bzw Startgutscheintaube den 1.Platz erringen werden<\/p>\n<p>1600 Euro abgezogen und beim 2. Platz 500 Euro! Reservetauben k\u00f6nnen<\/p>\n<p>dann bis sp\u00e4testens 10. August 2020 mit 140 Euro vollaktiviert werden.<\/p>\n<p>Ansonsten k\u00f6nnen sie von dritten mit 160 Euro aktiviert werden!<\/p>\n<p>Platz 1: 8000 Euro bei 500 bezahlten Tauben. Insgesamt gibt es \u00fcber<\/p>\n<p>43500 Euro Preisgeld bei 500 bezahlten Tauben! Es gibt dann 125 Geld-<\/p>\n<p>preise auf dem Finalflug!<\/p>\n<p>Platz 1: 10000 Euro bei 600 bezahlten Tauben. Insgesamt gibt es \u00fcber<\/p>\n<p>52000 Euro Preisgeld bei 600 bezahlten Tauben! Es gibt dann 150 Geld-<\/p>\n<p>preise auf dem Finalflug!<\/p>\n<p>Wer 3 Tauben bezahlt, kann eine Reservetaube zus\u00e4tzlich mitschicken<\/p>\n<p>(wenn alle 4 Tauben Ende Juli noch da sind, kann die vierte Taube mit<\/p>\n<p>140 Euro selbst aktiviert oder ansonsten von Dritten aktiviert werden.)<\/p>\n<p>Fr\u00fchbucherrabatt (FR) bis 15 Januar 2020: 2 anstatt 1 Reservetaube<\/p>\n<p>Wer 4 Tauben bezahlt, kann zwei Reservetauben schicken.<\/p>\n<p>(Falls 6 Tauben Ende Juli da sind, m\u00fcssen die Reservetauben mit 140<\/p>\n<p>Euro aktiviert werden, sonst sind sie nicht Preisgeld berechtigt.)<\/p>\n<p>Fr\u00fchbucherrabatt (FR) bis 15 Januar 2020 3 anstatt 2 Reservetauben.<\/p>\n<p>Wer 5 Tauben bezahlt, kann 5 Reservetauben schicken.<\/p>\n<p>(Falls 10 Tauben Ende Juli da sind, m\u00fcssen die Reservetauben mit 140<\/p>\n<p>Euro aktiviert werden, sonst sind sie nicht Preisgeld berechtigt.)<\/p>\n<p>Fr\u00fchbucherrabatt (FR) bis 15 Januar 2020 die 11. Taube ist frei!<\/p>\n<p>Wer 10 Tauben bezahlt, kann 18 Tauben schicken und hat die 11. Taube<\/p>\n<p>frei und kann 7 Reservetauben schicken (alle Reservetauben m\u00fcssen zum<\/p>\n<p>1. Preisflug aktiviert werden; ansonsten sind sie nicht Preisgeld berechtigt<\/p>\n<p>auf allen Fl\u00fcgen!) FR 2020<\/p>\n<p>Wer 10 Tauben bezahlt, kann 25 Tauben schicken und hat die 19., 20.,<\/p>\n<p>21., 22., 23, 24. und 25. Taube frei und somit 8 Reservetauben<\/p>\n<p>(alle Reservetauben m\u00fcssen zum 1. Preisflug aktiviert werden; ansonsten<\/p>\n<p>sind sie nicht Preisgeld berechtigt auf allen Fl\u00fcgen!)<\/p>\n<p>F\u00fcr alle Frei-, Reservetauben-, und Gutscheintauben f\u00e4llt eine Ver-<\/p>\n<p>sorgungsgeb\u00fchr von 20 Euro an. Wenn Reservetauben Anfang<\/p>\n<p>August aktiviert werden, so hat der Z\u00fcchter pro Reservetaube<\/p>\n<p>140 Euro nachzuzahlen.<\/p>\n<p>Es werden drei Preisfl\u00fcge durchgef\u00fchrt:<\/p>\n<p>Platz 1: 320 Euro<\/p>\n<p>Platz 2-10: jeweils 160 Euro<\/p>\n<p>Asstaubenwertung (drei Preisfl\u00fcge plus Finalflug):<\/p>\n<p>Platz 1: 500 Euro<\/p>\n<p>Platz 2: 300 Euro<\/p>\n<p>Platz 3: 200 Euro<\/p>\n<p>Platz 4-10: jeweils 160 Euro<\/p>\n<p>Preisgeld auf dem Endflug: bei 400 bezahlten Tauben<\/p>\n<p>Platz 1: 6000 Euro<\/p>\n<p>Platz 2: 2400 Euro<\/p>\n<p>Platz 3: 1600 Euro<\/p>\n<p>Platz 4-10: jeweils 800 Euro<\/p>\n<p>Platz 11: 500 Euro<\/p>\n<p>Platz 12-15: 250 Euro<\/p>\n<p>Platz 16-20: 200 Euro<\/p>\n<p>Platz 21-70: 160 Euro<\/p>\n<p>Platz 71-100: 50 Euro<\/p>\n<p>Bei 400 bezahlten Tauben gibt es 100 Geldpreise auf dem Endflug!<\/p>\n<p>\u00dcber 54% der Startgeb\u00fchr werden ausgesch\u00fcttet!!!!! F\u00fcr Verluste<\/p>\n<p>jedweder Art haftet nicht der Veranstalter. Der Veranstalter kann die<\/p>\n<p>gesamte Veranstaltung absagen. Der Rechtsweg ist ausgeschlossen.<\/p>\n<p>Anlieferung der Tauben vom 6. April bis 31. Mai 2020; in der Ein-<\/p>\n<p>gew\u00f6hnungsphase verloren gegangene Tauben, k\u00f6nnen bis zum<\/p>\n<p>31. Mai 2020 kostenlos ersetzt werden.<\/p>\n<p>Nach dem Endflug werden die Tauben im Internet auf<\/p>\n<p>www.tauben-versteigerung.de vorgesteigert und am 11.10.2020 Haupt<\/p>\n<p>versteigert. Nach Abzug der Versteigerungskosten vom Versteigerungs-<\/p>\n<p>entgelt erh\u00e4lt der Z\u00fcchter bei den Preistauben 50% ( ca 40% vom<\/p>\n<p>Versteigerungsentgelt)! Bei den Nachpreistauben erh\u00e4lt der Z\u00fcchter<\/p>\n<p>ca 35% vom Versteigerungsentgelt! Wenn das Versteigerungsentgelt \u00fcber<\/p>\n<p>500 Euro liegt dann erh\u00e4lt der Z\u00fcchter 45%! Wer bis zum 10.09.2020<\/p>\n<p>keine Abstammung und Ringkarte eingereicht hat, erh\u00e4lt kein<\/p>\n<p>Preisgeld und nur 10% vom Versteigerungsentgelt!!!!<\/p>\n<p>Der Rechtsweg ist ausgeschlossen.<\/p>\n<p>Gut Flug Ihr\/Euer Christoph Gr\u00f6ne<\/p>\n<p>Veranstalter: Christoph Gr\u00f6ne, Dr\u00f6per Mark 2, 49124 Georgsmarienh\u00fctte<\/p>\n<p>Tel: 05401-368650 oder 0170-9653730 \/ Fax 05401-368649 sowie<\/p>\n<p>per Email chris.groene@osnanet.de<\/p>\n<p>www.teutoburgerwaldtaubenrennen.de<\/p>\n<p><a href=\"http:\/\/taubenrennen.baiv.de\/?page_id=2586\">Anmeldung zum 11. Teutoburgerwaldtaubenrennen 2020<\/a><\/p>\n<p>\u00a0<\/p>\n<p>\u00a0<\/p>\n","protected":false},"excerpt":{"rendered":"<p>Fr\u00fchbucherrabatte (Abk\u00fcrzung:FR) beachten; er geht bis sp\u00e4testens zum 15.Januar 2020, sofern es noch Startpl\u00e4tze gibt! Endflug S\u00fcd- Ost \u00fcber 300 km! Es gibt f\u00fcr jede Taube 5 Gewinnchancen: drei Preisfl\u00fcge, Asstaubenwertung und der Finalflug! F\u00fcr je 4 bezahlte Tauben gibt &hellip; <a href=\"https:\/\/taubenrennen.baiv.de\/?page_id=2584\">Weiterlesen <span class=\"meta-nav\">&rarr;<\/span><\/a><\/p>\n","protected":false},"author":1,"featured_media":0,"parent":2590,"menu_order":0,"comment_status":"closed","ping_status":"closed","template":"","meta":{"footnotes":"","_links_to":"","_links_to_target":""},"class_list":["post-2584","page","type-page","status-publish","hentry"],"_links":{"self":[{"href":"https:\/\/taubenrennen.baiv.de\/index.php?rest_route=\/wp\/v2\/pages\/2584","targetHints":{"allow":["GET"]}}],"collection":[{"href":"https:\/\/taubenrennen.baiv.de\/index.php?rest_route=\/wp\/v2\/pages"}],"about":[{"href":"https:\/\/taubenrennen.baiv.de\/index.php?rest_route=\/wp\/v2\/types\/page"}],"author":[{"embeddable":true,"href":"https:\/\/taubenrennen.baiv.de\/index.php?rest_route=\/wp\/v2\/users\/1"}],"replies":[{"embeddable":true,"href":"https:\/\/taubenrennen.baiv.de\/index.php?rest_route=%2Fwp%2Fv2%2Fcomments&post=2584"}],"version-history":[{"count":2,"href":"https:\/\/taubenrennen.baiv.de\/index.php?rest_route=\/wp\/v2\/pages\/2584\/revisions"}],"predecessor-version":[{"id":2589,"href":"https:\/\/taubenrennen.baiv.de\/index.php?rest_route=\/wp\/v2\/pages\/2584\/revisions\/2589"}],"up":[{"embeddable":true,"href":"https:\/\/taubenrennen.baiv.de\/index.php?rest_route=\/wp\/v2\/pages\/2590"}],"wp:attachment":[{"href":"https:\/\/taubenrennen.baiv.de\/index.php?rest_route=%2Fwp%2Fv2%2Fmedia&parent=2584"}],"curies":[{"name":"wp","href":"https:\/\/api.w.org\/{rel}","templated":true}]}}