{"id":3166,"date":"2024-07-23T10:19:36","date_gmt":"2024-07-23T09:19:36","guid":{"rendered":"http:\/\/taubenrennen.baiv.de\/?page_id=3166"},"modified":"2025-04-10T11:40:48","modified_gmt":"2025-04-10T10:40:48","slug":"trainings-preisflugplan-2024-aenderungen-vorbehalten","status":"publish","type":"page","link":"https:\/\/taubenrennen.baiv.de\/?page_id=3166","title":{"rendered":"Trainings-Preisflugplan 2024 \u00c4nderungen vorbehalten!"},"content":{"rendered":"\n<p>Trainingsplan und Preisflugplan 2024<\/p>\n\n\n\n<p>Je nach Witterung kann davon abgewichen werden sei es zu hei\u00df oder zu regnerisch!<\/p>\n\n\n\n<p>Wir w\u00fcnschen allen Gut Flug!<\/p>\n\n\n\n<p>01.07. \u2013 17.07.2024 zwei bis dreimal die Woche Training auf kurzer Entfernung<\/p>\n\n\n\n<p>18.07. und 19.07. 10 km<\/p>\n\n\n\n<p>22.07. , 23.07. ,24.07., 25.07. 14 km Bockhorst<\/p>\n\n\n\n<p>26.07., 30.07., 31.07. 24 km Greffen<\/p>\n\n\n\n<p>02.08., 05.08., 07.08. 30km Harsewinkel<\/p>\n\n\n\n<p>09.08. 41 km Rheda-Wiedenbr\u00fcck<\/p>\n\n\n\n<p>12.08. oder 13.08. 51 km Wadersloh<\/p>\n\n\n\n<p>15.08. oder 16.08. 61km Delbr\u00fcck<\/p>\n\n\n\n<p>19.08. 14 km Bockhorst<\/p>\n\n\n\n<p>(zwischen den weiteren Trainingsfl\u00fcgen werden evtl kurze je nach Witterung eingebaut; bei schlechtem Wetter gibt es keine Trainingsfl\u00fcge bzw Verschiebungen)<\/p>\n\n\n\n<p>1. Preisflug 90 km (22.08.; 23.08.. oder 26.08.) Bad W\u00fcnnenberg<\/p>\n\n\n\n<p>2. Preisflug 120 km (29.08., 30.08. oder 02.09.) Berndorf \/Breuna<\/p>\n\n\n\n<p>3. Preisflug 165 (05.09., 06.09.) Schwalmstadt \/ Homberg Efze<\/p>\n\n\n\n<p>Evtl Training 20 km 09.\/10.09.<\/p>\n\n\n\n<p>Finale am 13.09. oder 15.09. falls die Witterung es zul\u00e4\u00dft. ca 310-340 km kurzfristige \u00c4nderungen m\u00f6glich, je nach Wetter und Windvorhersage!<\/p>\n\n\n\n<p>Der Veranstalter beh\u00e4lt sich vor, das Finale um ein paar Tage nach vorn oder hinten zu verschieben. \u00c4nderungen witterungsbedingt vorbehalten!<\/p>\n\n\n\n<p>Allen Gut Flug<\/p>\n","protected":false},"excerpt":{"rendered":"<p>Trainingsplan und Preisflugplan 2024 Je nach Witterung kann davon abgewichen werden sei es zu hei\u00df oder zu regnerisch! Wir w\u00fcnschen allen Gut Flug! 01.07. \u2013 17.07.2024 zwei bis dreimal die Woche Training auf kurzer Entfernung 18.07. und 19.07. 10 km &hellip; <a href=\"https:\/\/taubenrennen.baiv.de\/?page_id=3166\">Weiterlesen <span class=\"meta-nav\">&rarr;<\/span><\/a><\/p>\n","protected":false},"author":1,"featured_media":0,"parent":3341,"menu_order":0,"comment_status":"closed","ping_status":"closed","template":"","meta":{"footnotes":"","_links_to":"","_links_to_target":""},"class_list":["post-3166","page","type-page","status-publish","hentry"],"_links":{"self":[{"href":"https:\/\/taubenrennen.baiv.de\/index.php?rest_route=\/wp\/v2\/pages\/3166","targetHints":{"allow":["GET"]}}],"collection":[{"href":"https:\/\/taubenrennen.baiv.de\/index.php?rest_route=\/wp\/v2\/pages"}],"about":[{"href":"https:\/\/taubenrennen.baiv.de\/index.php?rest_route=\/wp\/v2\/types\/page"}],"author":[{"embeddable":true,"href":"https:\/\/taubenrennen.baiv.de\/index.php?rest_route=\/wp\/v2\/users\/1"}],"replies":[{"embeddable":true,"href":"https:\/\/taubenrennen.baiv.de\/index.php?rest_route=%2Fwp%2Fv2%2Fcomments&post=3166"}],"version-history":[{"count":1,"href":"https:\/\/taubenrennen.baiv.de\/index.php?rest_route=\/wp\/v2\/pages\/3166\/revisions"}],"predecessor-version":[{"id":3167,"href":"https:\/\/taubenrennen.baiv.de\/index.php?rest_route=\/wp\/v2\/pages\/3166\/revisions\/3167"}],"up":[{"embeddable":true,"href":"https:\/\/taubenrennen.baiv.de\/index.php?rest_route=\/wp\/v2\/pages\/3341"}],"wp:attachment":[{"href":"https:\/\/taubenrennen.baiv.de\/index.php?rest_route=%2Fwp%2Fv2%2Fmedia&parent=3166"}],"curies":[{"name":"wp","href":"https:\/\/api.w.org\/{rel}","templated":true}]}}