{"id":3345,"date":"2025-04-10T12:16:54","date_gmt":"2025-04-10T11:16:54","guid":{"rendered":"http:\/\/taubenrennen.baiv.de\/?page_id=3345"},"modified":"2025-04-10T12:16:54","modified_gmt":"2025-04-10T11:16:54","slug":"preisgeld-2025-bei-400-bezahlten-tauben","status":"publish","type":"page","link":"https:\/\/taubenrennen.baiv.de\/?page_id=3345","title":{"rendered":"Preisgeld 2025 bei 400 bezahlten Tauben"},"content":{"rendered":"\n<p><\/p>\n\n\n\n<p>Wenn mehr als 400 Tauben mit 200 Euro bezahlt sind, wird das Preisgeld beim Endlug und auf den Preisfl\u00fcgen sowie der Asstaubenwertung nach oben angepasst; sollten weniger als 400 Tauben bezahlt sein, wird das Preisgeld auf den Preisfl\u00fcgen, der Asstaubenwertung und dem Finalflug nach unten angepasst.<\/p>\n\n\n\n<p><strong>Es werden drei Preisfl\u00fcge durchgef\u00fchrt: Platz 1: 400 Euro Platz 2: 300, Platz 3-5: jeweils 200 Euro; Platz 6-10: jeweils 100 Euro (Bei mehr oder weniger Tauben werden die Preisgelder nach oben oder unten angepasst!)<\/strong><\/p>\n\n\n\n<p><strong>Asstaubenwertung (drei Preisfl\u00fcge plus Finalflug): Platz 1: 1000 Euro Platz 2: 400 Euro und Platz 3: 300 Euro; Platz 4-10: jeweils 200 Euro (Bei mehr oder weniger Tauben werden die Preisgelder nach oben oder unten angepasst!)<\/strong><\/p>\n\n\n\n<p><strong>Preisgeld auf dem Endflug: bei mindestens 400 bezahlten Tauben (Bei mehr oder weniger Tauben werden die Preisgelder und R\u00e4nge nach oben oder unten angepasst!)<\/strong><\/p>\n\n\n\n<p>Platz 1: 8000 Euro<\/p>\n\n\n\n<p>Platz 2: 4000 Euro<\/p>\n\n\n\n<p>Platz 3: 2000 Euro<\/p>\n\n\n\n<p>Platz 4-10: jeweils 1000 Euro<\/p>\n\n\n\n<p>Platz 11: 600 Euro<\/p>\n\n\n\n<p>Platz 12-15: 400 Euro<\/p>\n\n\n\n<p>Platz 16-20: 250 Euro<\/p>\n\n\n\n<p>Platz 21-60: 200 Euro<\/p>\n\n\n\n<p>Platz 61-80: 100Euro<\/p>\n\n\n\n<p>Platz 81-100: 100 Euro<\/p>\n\n\n\n<p>Bei 400 bezahlten Tauben gibt es 100 Geldpreise auf dem Endflug! \u00dcber 55% der Startgeb\u00fchr werden ausgesch\u00fcttet!!!!! Bei 500 bezahlten Tauben gibt es f\u00fcr Platz 1 dann 10000 Euro und 125 Geldpreise! Bei 600 bezahlten Tauben gibt es f\u00fcr Platz 1 dann 12000 Euro und 150 Geldpreise! F\u00fcr jede 4 bezahlte Tauben gibt es einen Geldpreis auf dem Endflug! Nicht ausgeflogene Geldpreise werden im darauffolgenden Jahr auf dem Endflug zus\u00e4tzlich ausgeflogen!<\/p>\n\n\n\n<p>F\u00fcr Verluste jedweder Art haftet nicht der Veranstalter. Der Veranstalter kann die gesamte Veranstaltung absagen. Der Rechtsweg ist ausgeschlossen.<\/p>\n\n\n\n<p><strong>Anlieferung der Tauben vom 30.03.2025 bis 31. Mai 2025<\/strong>; in der Eingew\u00f6hnungsphase verloren gegangene Tauben, k\u00f6nnen bis zum 31. Mai 2025 kostenlos ersetzt werden.<\/p>\n\n\n\n<p><strong>Siegerehrung der Sieger vom Teutoburgerwaldtaubenrennen 2024 am Samstag, den 11.10.2025 ab 15.00 Uhr bei Kaffee und Kuchen sowie Gegrilltem im Rahmen eines Z\u00fcchtertreffens! Besichtigung der ersten 50 Preistauben und weiterer ausgew\u00e4hlter Tauben m\u00f6glich!<\/strong><\/p>\n\n\n\n<p>Nach dem Endflug werden die Tauben im Internet <a href=\"http:\/\/www.tauben-versteigerung.de\/\" target=\"_blank\" rel=\"noreferrer noopener\">www.tauben-versteigerung.de<\/a> versteigert: voraussichtlich bis zum 12.10.2025 Sonntagabend ab 18.30 Uhr zeitversetzt auslaufend! Nichtversteigerte Preistauben und Nachpreistauben werden auf der gleichen Plattform bis zum 19.10.2025 versteigert (zeitversetzt auslaufend ab 18.30 Uhr)! Ersteigerte Tauben k\u00f6nnen per Logistik oder pers\u00f6nlich abgeholt werden bzw in Kassel auf dem Taubenmarkt (Transportkostenpauschale von 15 Euro pro Taube bei \u00dcbergabe). Evtl gibt es auch Sammeltransporte!<\/p>\n\n\n\n<p>Nach Abzug der Versteigerungskosten vom Versteigerungsentgelt erh\u00e4lt der Z\u00fcchter bei den Preistauben 50%( ca 40%vom Versteigerungsentgelt)! Bei den Nachpreistauben erh\u00e4lt der Z\u00fcchter ca 35% vom Versteigerungsentgelt! Wenn das Versteigerungsentgelt \u00fcber 500 Euro liegt, erh\u00e4lt der Z\u00fcchter 45%!<\/p>\n\n\n\n<p>Nach der 2. Auktion entfallen die Z\u00fcchteranteile an der Versteigerung!<\/p>\n\n\n\n<p>Nichtversteigerte Tauben k\u00f6nnen f\u00fcr 35 Euro vom Z\u00fcchter zur\u00fcckgekauft werden.<\/p>\n\n\n\n<p><strong>Wer bis zum 05.09.2025 keine Abstammung und Ringkarte eingereicht hat, erh\u00e4lt kein Preisgeld und nur 10% vom Versteigerungsentgelt!!!!<\/strong><\/p>\n\n\n\n<p>Der Rechtsweg ist ausgeschlossen. Gut Flug Ihr\/Euer Christoph Gr\u00f6ne<\/p>\n\n\n\n<p>Veranstalter: Christoph Gr\u00f6ne, Dr\u00f6per Mark 2, 49124 Georgsmarienh\u00fctte Tel: 05401-368650 oder 0170-9653730 sowie per mail <a href=\"mailto:groene.christoph@gmail.com\" target=\"_blank\" rel=\"noreferrer noopener\">groene.christoph@gmail.com<\/a> oder fax 05401-368649<\/p>\n\n\n\n<p><a href=\"http:\/\/www.teutoburgerwaldtaubenrennen.de\/\" target=\"_blank\" rel=\"noreferrer noopener\">www.teutoburgerwaldtaubenrennen.de<\/a><\/p>\n","protected":false},"excerpt":{"rendered":"<p>Wenn mehr als 400 Tauben mit 200 Euro bezahlt sind, wird das Preisgeld beim Endlug und auf den Preisfl\u00fcgen sowie der Asstaubenwertung nach oben angepasst; sollten weniger als 400 Tauben bezahlt sein, wird das Preisgeld auf den Preisfl\u00fcgen, der Asstaubenwertung &hellip; <a href=\"https:\/\/taubenrennen.baiv.de\/?page_id=3345\">Weiterlesen <span class=\"meta-nav\">&rarr;<\/span><\/a><\/p>\n","protected":false},"author":1,"featured_media":0,"parent":0,"menu_order":0,"comment_status":"closed","ping_status":"closed","template":"","meta":{"footnotes":"","_links_to":"","_links_to_target":""},"class_list":["post-3345","page","type-page","status-publish","hentry"],"_links":{"self":[{"href":"https:\/\/taubenrennen.baiv.de\/index.php?rest_route=\/wp\/v2\/pages\/3345","targetHints":{"allow":["GET"]}}],"collection":[{"href":"https:\/\/taubenrennen.baiv.de\/index.php?rest_route=\/wp\/v2\/pages"}],"about":[{"href":"https:\/\/taubenrennen.baiv.de\/index.php?rest_route=\/wp\/v2\/types\/page"}],"author":[{"embeddable":true,"href":"https:\/\/taubenrennen.baiv.de\/index.php?rest_route=\/wp\/v2\/users\/1"}],"replies":[{"embeddable":true,"href":"https:\/\/taubenrennen.baiv.de\/index.php?rest_route=%2Fwp%2Fv2%2Fcomments&post=3345"}],"version-history":[{"count":1,"href":"https:\/\/taubenrennen.baiv.de\/index.php?rest_route=\/wp\/v2\/pages\/3345\/revisions"}],"predecessor-version":[{"id":3346,"href":"https:\/\/taubenrennen.baiv.de\/index.php?rest_route=\/wp\/v2\/pages\/3345\/revisions\/3346"}],"wp:attachment":[{"href":"https:\/\/taubenrennen.baiv.de\/index.php?rest_route=%2Fwp%2Fv2%2Fmedia&parent=3345"}],"curies":[{"name":"wp","href":"https:\/\/api.w.org\/{rel}","templated":true}]}}