{"id":3347,"date":"2025-04-10T12:18:39","date_gmt":"2025-04-10T11:18:39","guid":{"rendered":"http:\/\/taubenrennen.baiv.de\/?page_id=3347"},"modified":"2025-04-10T12:18:39","modified_gmt":"2025-04-10T11:18:39","slug":"anmeldung-zum-16-teutoburgerwaldtaubenrennen-am-19-09-2025","status":"publish","type":"page","link":"https:\/\/taubenrennen.baiv.de\/?page_id=3347","title":{"rendered":"Anmeldung zum 16. Teutoburgerwaldtaubenrennen am 19.09.2025"},"content":{"rendered":"\n<p><\/p>\n\n\n\n<p>Veranstalter: Christoph Gr\u00f6ne, Dr\u00f6per Mark 2, 49124 Georgsmarienh\u00fctte Tel: 05401-368650 oder 0170-9653730 sowie per mail <a href=\"mailto:groene.christoph@gmail.com\" target=\"_blank\" rel=\"noreferrer noopener\">groene.christoph@gmail.com<\/a> oder fax 05401-368649<\/p>\n\n\n\n<p><a href=\"http:\/\/www.teutoburgerwaldtaubenrennen.de\/\" target=\"_blank\" rel=\"noreferrer noopener\">www.teutoburgerwaldtaubenrennen.de<\/a><\/p>\n\n\n\n<p><strong>Anmeldung zum 16. Teutoburgerwaldtaubenrennen 2025<\/strong>:<\/p>\n\n\n\n<p>Hiermit melde ich ____ bezahlte Tauben an.________Reservetauben mit jeweils 40 Euro Versorgungsgeb\u00fchr!_____Freitauben (FT) bzw ___Startgutscheintauben (GT)<\/p>\n\n\n\n<p>Den Betrag von _______ Euro entrichte ich bei Anlieferung in bar________ oder \u00fcberweise ihn auf folgendes Konto: Christoph Gr\u00f6ne, Ktnr 7307366, BLZ 26550105 Sparkasse Osnabr\u00fcck<\/p>\n\n\n\n<p>Sparkasse Osnabr\u00fcck<br \/>Christoph Gr\u00f6ne<\/p>\n\n\n\n<p>IBAN: DE07 2655 0105 0007 3073 66<\/p>\n\n\n\n<p>BIC: NOLADE22XXX<\/p>\n\n\n\n<p>Adresse und Teamname ___________________________________________________________<\/p>\n\n\n\n<p>Kontaktdaten: email tel_____________________________________________________________<\/p>\n\n\n\n<p>Bankverbindung:____________________________________________________________________<\/p>\n\n\n\n<p><strong>Wir danken allen Sponsoren und Helfern, die das Teutoburgerwaldtaubenrennen mit unterst\u00fctzen!<\/strong><\/p>\n\n\n\n<p><strong>Futter \u00fcber Beyer`s Familie Pahnke<\/strong><\/p>\n\n\n\n<p><strong>MIFUMA (Futter)<\/strong><\/p>\n\n\n\n<p><strong>Bony Farma<\/strong><\/p>\n\n\n\n<p><strong>De Weerd<\/strong><\/p>\n\n\n\n<p><strong>Backs<\/strong><\/p>\n\n\n\n<p><strong>Spinnes<\/strong><\/p>\n\n\n\n<p><strong>Teekontor<\/strong><\/p>\n\n\n\n<p><strong>Klaus Gritsteine<\/strong><\/p>\n\n\n\n<p><strong>Auktionshaus <a href=\"http:\/\/www.tauben-versteigerung.de\/\" target=\"_blank\" rel=\"noreferrer noopener\">www.tauben-versteigerung.de<\/a><\/strong><\/p>\n","protected":false},"excerpt":{"rendered":"<p>Veranstalter: Christoph Gr\u00f6ne, Dr\u00f6per Mark 2, 49124 Georgsmarienh\u00fctte Tel: 05401-368650 oder 0170-9653730 sowie per mail groene.christoph@gmail.com oder fax 05401-368649 www.teutoburgerwaldtaubenrennen.de Anmeldung zum 16. Teutoburgerwaldtaubenrennen 2025: Hiermit melde ich ____ bezahlte Tauben an.________Reservetauben mit jeweils 40 Euro Versorgungsgeb\u00fchr!_____Freitauben (FT) bzw ___Startgutscheintauben &hellip; <a href=\"https:\/\/taubenrennen.baiv.de\/?page_id=3347\">Weiterlesen <span class=\"meta-nav\">&rarr;<\/span><\/a><\/p>\n","protected":false},"author":1,"featured_media":0,"parent":0,"menu_order":0,"comment_status":"closed","ping_status":"closed","template":"","meta":{"footnotes":"","_links_to":"","_links_to_target":""},"class_list":["post-3347","page","type-page","status-publish","hentry"],"_links":{"self":[{"href":"https:\/\/taubenrennen.baiv.de\/index.php?rest_route=\/wp\/v2\/pages\/3347","targetHints":{"allow":["GET"]}}],"collection":[{"href":"https:\/\/taubenrennen.baiv.de\/index.php?rest_route=\/wp\/v2\/pages"}],"about":[{"href":"https:\/\/taubenrennen.baiv.de\/index.php?rest_route=\/wp\/v2\/types\/page"}],"author":[{"embeddable":true,"href":"https:\/\/taubenrennen.baiv.de\/index.php?rest_route=\/wp\/v2\/users\/1"}],"replies":[{"embeddable":true,"href":"https:\/\/taubenrennen.baiv.de\/index.php?rest_route=%2Fwp%2Fv2%2Fcomments&post=3347"}],"version-history":[{"count":1,"href":"https:\/\/taubenrennen.baiv.de\/index.php?rest_route=\/wp\/v2\/pages\/3347\/revisions"}],"predecessor-version":[{"id":3348,"href":"https:\/\/taubenrennen.baiv.de\/index.php?rest_route=\/wp\/v2\/pages\/3347\/revisions\/3348"}],"wp:attachment":[{"href":"https:\/\/taubenrennen.baiv.de\/index.php?rest_route=%2Fwp%2Fv2%2Fmedia&parent=3347"}],"curies":[{"name":"wp","href":"https:\/\/api.w.org\/{rel}","templated":true}]}}