{"id":433,"date":"2011-08-01T22:11:10","date_gmt":"2011-08-01T21:11:10","guid":{"rendered":"http:\/\/taubenrennen.baiv.de\/?page_id=433"},"modified":"2011-08-19T22:02:11","modified_gmt":"2011-08-19T21:02:11","slug":"bestandsliste-01-08-2011","status":"publish","type":"page","link":"https:\/\/taubenrennen.baiv.de\/?page_id=433","title":{"rendered":"8. Bestandsliste 01.08.2011"},"content":{"rendered":"<p>Liebe Sportfreunde,<\/p>\n<p>am Sonntagabend waren 384 Tauben nach dem abendlichen Training da. Heute sind 380 Tauben eingekorbt worden und auf ca 5 km bei gutem Wetter um 19.30 aufgelassen worden. Die Tauben sind sehr gut gezogen und haben noch einige Extrarunden \u00fcber Georgsmarienh\u00fctte gedreht. Von diesem Trainingsflug fehlen heute Abend noch einige Tauben. In dieser Woche sind weitere Traningsfl\u00fcge von 10 bis 15 km geplant, falls das Wetter mitspielt.<\/p>\n<p>Allen weiterhin Gut Flug<\/p>\n<p>Euer Teutoburgerwaldtaubenrennenteam<\/p>\n<p>Aktuelle Bestandsliste Teutoburgerwaldtaubenrennen 01.08.2011<\/p>\n<p>SG Altmiks\/Soudy<\/p>\n<p>02694-11-11<\/p>\n<p>02694-11-16<\/p>\n<p>02694-11-24<\/p>\n<p>02694-11-25<\/p>\n<p>02694-11-31<\/p>\n<p>05536-11-565<\/p>\n<p>05536-11-566<\/p>\n<p>05536-11-586<\/p>\n<p>05536-11-593<\/p>\n<p>05536-11-594<\/p>\n<p>05536-11-595<\/p>\n<p>05536-11-598<\/p>\n<p>ANKE<\/p>\n<p>01309-11-1068<\/p>\n<p>01309-11-1074<\/p>\n<p>SG Augustin-Schone<\/p>\n<p>08009-11-174<\/p>\n<p>08009-11-177<\/p>\n<p>08009-11-178<\/p>\n<p>08009-11-180<\/p>\n<p>Blome, Andre<\/p>\n<p>07773-11-66<\/p>\n<p>07773-11-86<\/p>\n<p>07773-11-100<\/p>\n<p>06629-11-381<\/p>\n<p>06629-11-385<\/p>\n<p>Brinkem\u00f6ller<\/p>\n<p>08510-11-341<\/p>\n<p>08510-11-342<\/p>\n<p>Br\u00fchl, Hans<\/p>\n<p>07755-11-611<\/p>\n<p>07755-11-615<\/p>\n<p>07755-11-617<\/p>\n<p>07755-11-624<\/p>\n<p>Buse, Karl<\/p>\n<p>01677-11-364<\/p>\n<p>Deigner, Anton<\/p>\n<p>CHN 2011-02 366176<\/p>\n<p>05950-11-725<\/p>\n<p>05950-11-730<\/p>\n<p>05950-11-733<\/p>\n<p>05950-11-758<\/p>\n<p>Ernst, Markus<\/p>\n<p>06421-11-259<\/p>\n<p>Eschenberg, Oliver<\/p>\n<p>06967-11-40<\/p>\n<p>06967-11-65<\/p>\n<p>06967-11-98<\/p>\n<p>Fedoseev, Vitaly<\/p>\n<p>03973-11-86<\/p>\n<p>03973-11-88<\/p>\n<p>03973-11-91<\/p>\n<p>06362-11-327<\/p>\n<p>Ferchen, Willy<\/p>\n<p>05536-11-417<\/p>\n<p>05536-11-440<\/p>\n<p>05536-11-441<\/p>\n<p>05536-11-442<\/p>\n<p>05536-11-453<\/p>\n<p>05536-11-455<\/p>\n<p>Fenten, Heinz<\/p>\n<p>07479-11-1125<\/p>\n<p>07479-11-1131<\/p>\n<p>Fortuna Oesede<\/p>\n<p>08510-11-242<\/p>\n<p>F\u00fchrer, Helmut<\/p>\n<p>01966-11-121<\/p>\n<p>01966-11-492<\/p>\n<p>Fuschera, Peter<\/p>\n<p>08345-11-301<\/p>\n<p>08345-11-334<\/p>\n<p>SG Heiko G\u00f6bel<\/p>\n<p>0855-11-1425<\/p>\n<p>0855-11-1428<\/p>\n<p>0855-11-1429<\/p>\n<p>0855-11-1433<\/p>\n<p>0855-11-1436<\/p>\n<p>0855-11-1494<\/p>\n<p>Gl\u00fcsen, Hans-Wilhelm<\/p>\n<p>01538-11-218<\/p>\n<p>01538-11-220<\/p>\n<p>Gr\u00f6ne, Richard<\/p>\n<p>08592-11-577<\/p>\n<p>08592-11-578<\/p>\n<p>08592-11-599<\/p>\n<p>08592-11-600<\/p>\n<p>08592-11-799<\/p>\n<p>08592-11-800<\/p>\n<p>Hansel, Hilmar<\/p>\n<p>02267-115<\/p>\n<p>02267-11-124<\/p>\n<p>02267-11-126<\/p>\n<p>0854-273<\/p>\n<p>0854-11-287<\/p>\n<p>Hemann, Ottmar<\/p>\n<p>02361-11-376<\/p>\n<p>Henk Janny\u00b4s Races<\/p>\n<p>09070-11-502<\/p>\n<p>09070-11-503<\/p>\n<p>03414-11-502<\/p>\n<p>03414-11-505<\/p>\n<p>06294-11-2060<\/p>\n<p>06294-11-2110<\/p>\n<p>Hestermeyer, Markus<\/p>\n<p>06784-11-419<\/p>\n<p>06784-11-2299<\/p>\n<p>Hoegen, Gerhard<\/p>\n<p>01792-11-519<\/p>\n<p>Hok M Reijnen<\/p>\n<p>NL 2011 1829592<\/p>\n<p>NL 2011 1829594<\/p>\n<p>NL 2011 1829621<\/p>\n<p>NL 2011 1829622<\/p>\n<p>NL 2011 1829696<\/p>\n<p>NL 2011 1829735<\/p>\n<p>Klaas, Alfons<\/p>\n<p>0507-11-303<\/p>\n<p>0507-11-337<\/p>\n<p>0507-11-197<\/p>\n<p>0507-11-298<\/p>\n<p>Kreutz, Marianne<\/p>\n<p>0676-11-287<\/p>\n<p>0676-11-288<\/p>\n<p>K\u00fcpper, Robert<\/p>\n<p>06628-11-926<\/p>\n<p>06628-11-933<\/p>\n<p>06628-11-962<\/p>\n<p>Lang, Karl-Heinz<\/p>\n<p>08596-11-256<\/p>\n<p>08596-11-275<\/p>\n<p>L\u00fccking Loft<\/p>\n<p>03611-11-112<\/p>\n<p>03611-11-124<\/p>\n<p>03611-11-129<\/p>\n<p>03611-11-131<\/p>\n<p>03611-11-142<\/p>\n<p>Marien, Rainer u. Raiko<\/p>\n<p>09683-11-516<\/p>\n<p>09683-11-548<\/p>\n<p>09683-11-556<\/p>\n<p>Mayer, Siegfried<\/p>\n<p>0435-11-266<\/p>\n<p>0435-11-360<\/p>\n<p>0435-11-402<\/p>\n<p>0435-11-405<\/p>\n<p>0435-11-407<\/p>\n<p>0435-11-417<\/p>\n<p>0435-11-430<\/p>\n<p>0435-11-437<\/p>\n<p>0435-11-438<\/p>\n<p>0435-11-441<\/p>\n<p>0435-11-442<\/p>\n<p>0435-11-446<\/p>\n<p>0435-11-449<\/p>\n<p>0435-11-456<\/p>\n<p>0435-11-459<\/p>\n<p>Menzel, Horst<\/p>\n<p>06060-11-711<\/p>\n<p>Missy\/Gessner<\/p>\n<p>04812-11-716<\/p>\n<p>04812-11-719<\/p>\n<p>04812-11-721<\/p>\n<p>04812-11-726<\/p>\n<p>04812-11-731<\/p>\n<p>M\u00fcller, Elmar<\/p>\n<p>0100-11-1027<\/p>\n<p>0100-11-1028<\/p>\n<p>Natures Best Team<\/p>\n<p>09070-11-499<\/p>\n<p>09070-11-500<\/p>\n<p>Obens, Helmut<\/p>\n<p>03597-11-521<\/p>\n<p>Overmeyer, Albert<\/p>\n<p>08074-11-542<\/p>\n<p>08074-11-543<\/p>\n<p>SG Pahnke\/Schumacher<\/p>\n<p>04976-11-406<\/p>\n<p>04976-11-407<\/p>\n<p>04976-11-408<\/p>\n<p>04976-11-412<\/p>\n<p>04976-11-417<\/p>\n<p>04976-11-425<\/p>\n<p>04976-11-426<\/p>\n<p>04976-11-429<\/p>\n<p>07566-11-535<\/p>\n<p>07566-11-539<\/p>\n<p>Quast, Stefan<\/p>\n<p>01966-11-164<\/p>\n<p>01966-11-165<\/p>\n<p>Reckermann, Hubert<\/p>\n<p>06021-11-513<\/p>\n<p>06021-11-381<\/p>\n<p>Renner, Kai Uwe<\/p>\n<p>01225-11-54<\/p>\n<p>SG R\u00f6hlig +<\/p>\n<p>03658-11-109<\/p>\n<p>03658-11-111<\/p>\n<p>03658-11-116<\/p>\n<p>Rottmann, Josef<\/p>\n<p>02361-11-368<\/p>\n<p>02361-11-372<\/p>\n<p>08510-11-601<\/p>\n<p>08510-11-602<\/p>\n<p>08510-11-603<\/p>\n<p>08510-11-604<\/p>\n<p>08510-11-609<\/p>\n<p>08510-11-612<\/p>\n<p>0435-11-643<\/p>\n<p>0435-11-644<\/p>\n<p>Schacht, Peter<\/p>\n<p>08345-11-403<\/p>\n<p>08345-11-414<\/p>\n<p>Scheiper, Heinrich<\/p>\n<p>03257-11-217<\/p>\n<p>Sch\u00f6nrock, Holger<\/p>\n<p>03417-11-93<\/p>\n<p>Schweers, Hermann<\/p>\n<p>0667-11-662<\/p>\n<p>0667-11-664<\/p>\n<p>0667-11-670<\/p>\n<p>0667-11-671<\/p>\n<p>0667-11-685<\/p>\n<p>0667-11-688<\/p>\n<p>SG Pahde<\/p>\n<p>04563-11-413<\/p>\n<p>04563-11-423<\/p>\n<p>Spreckelmeyer, Chr.<\/p>\n<p>01997-11-50<\/p>\n<p>SG Stagge<\/p>\n<p>05298-11-771<\/p>\n<p>05298-11-780<\/p>\n<p>05298-11-811<\/p>\n<p>Team Aichazandt<\/p>\n<p>08382-11-58<\/p>\n<p>08382-11-59<\/p>\n<p>05136-11-110<\/p>\n<p>05308-11-140<\/p>\n<p>05308-11-141<\/p>\n<p>05057-11-518<\/p>\n<p>05057-11-526<\/p>\n<p>03485-11-1422<\/p>\n<p>03485-11-1423<\/p>\n<p>07736-11-1461<\/p>\n<p>07736-11-1472<\/p>\n<p>Team Ali<\/p>\n<p>08510-11-284<\/p>\n<p>08510-11-594<\/p>\n<p>Team Amazone<\/p>\n<p>0435-11-422<\/p>\n<p>01620-11-470<\/p>\n<p>01620-11-471<\/p>\n<p>01866-11-456<\/p>\n<p>01866-11-457<\/p>\n<p>01866-11-471<\/p>\n<p>Team Auebote<\/p>\n<p>01538-11-166 Engelken<\/p>\n<p>01538-11-277 Gl\u00fcsen<\/p>\n<p>01538-11-329 Risch<\/p>\n<p>Team B+B<\/p>\n<p>01677-11-351<\/p>\n<p>01677-11-352<\/p>\n<p>Team Bertlich<\/p>\n<p>0643-11-824<\/p>\n<p>0643-11-825<\/p>\n<p>0643-11-828<\/p>\n<p>0643-11-1548<\/p>\n<p>0643-11-1556<\/p>\n<p>0643-11-1557<\/p>\n<p>0643-11-1559<\/p>\n<p>0643-11-1566<\/p>\n<p>09004-11-128<\/p>\n<p>09004-11-129<\/p>\n<p>09004-11-134<\/p>\n<p>Team Taubenschlag-Blockhaus.de<\/p>\n<p>07194-11-743<\/p>\n<p>07194-11-744<\/p>\n<p>07194-11-747<\/p>\n<p>07194-11-748<\/p>\n<p>Team BRODO<\/p>\n<p>0777-11-50<\/p>\n<p>0777-11-55<\/p>\n<p>0777-11-77<\/p>\n<p>Team Cappeln<\/p>\n<p>07720-11-1047<\/p>\n<p>07720-11-1451<\/p>\n<p>Team FC Columba<\/p>\n<p>08510-11-615<\/p>\n<p>Team Das Volle Dutzend<\/p>\n<p>Team Eggebote<\/p>\n<p>01170-11-1285<\/p>\n<p>01170-11-1289<\/p>\n<p>01170-11-1474<\/p>\n<p>01170-11-1495<\/p>\n<p>01170-11-1647<\/p>\n<p>01170-11-1648<\/p>\n<p>Team Elvis<\/p>\n<p>0643-11-816<\/p>\n<p>0643-11-831<\/p>\n<p>0643-11-841<\/p>\n<p>0643-11-842<\/p>\n<p>0643-11-1554<\/p>\n<p>0643-11-1561<\/p>\n<p>0643-11-1563<\/p>\n<p>Team EMG<\/p>\n<p>0435-11-427<\/p>\n<p>Team Fine<\/p>\n<p>08510-11-430<\/p>\n<p>Team Flying Hirsch<\/p>\n<p>08510-11-417<\/p>\n<p>Team Heinrich<\/p>\n<p>05271-11-755<\/p>\n<p>Team Helmut<\/p>\n<p>05271-11-738<\/p>\n<p>Team Herkules, Kassel<\/p>\n<p>01190-11-1025<\/p>\n<p>01190-11-1031<\/p>\n<p>01190-11-1033<\/p>\n<p>01190-11-1052<\/p>\n<p>03801-11-358<\/p>\n<p>03801-11-359<\/p>\n<p>03801-11-360<\/p>\n<p>03801-11-361<\/p>\n<p>03801-11-362<\/p>\n<p>03801-11-363<\/p>\n<p>03801-11-366<\/p>\n<p>03801-11-367<\/p>\n<p>Team Herman und Marius<\/p>\n<p>0435-11-412<\/p>\n<p>0435-11-425<\/p>\n<p>0435-11-428<\/p>\n<p>02694-11-26<\/p>\n<p>02694-11-32<\/p>\n<p>08510-11-505<\/p>\n<p>08510-11-508<\/p>\n<p>Team Himmelsst\u00fcrmer<\/p>\n<p>02595-11-58<\/p>\n<p>09710-11-383<\/p>\n<p>09710-11-404<\/p>\n<p>Team Jennifer<\/p>\n<p>05271-11-745<\/p>\n<p>05271-11-752<\/p>\n<p>Team KANIKEL<\/p>\n<p>05771-11-730<\/p>\n<p>Team Kleiner Berg<\/p>\n<p>03257-11-215<\/p>\n<p>03257-11-216<\/p>\n<p>03257-11-218<\/p>\n<p>Team M\u00fcnsterlandderby<\/p>\n<p>02238-11-113<\/p>\n<p>02238-11-115<\/p>\n<p>02238-11-118<\/p>\n<p>Team Ostseerennen<\/p>\n<p>04657-11-151 Gerrits<\/p>\n<p>04657-11-161 Gerrits<\/p>\n<p>04657-11-168 Gerrits<\/p>\n<p>06510-11-2209 Siller<\/p>\n<p>06510-11-2210 Siller<\/p>\n<p>Team Schafstall<\/p>\n<p>04076-11-262<\/p>\n<p>04076-11-263<\/p>\n<p>04076-11-265<\/p>\n<p>04076-11-274<\/p>\n<p>06310-11-837<\/p>\n<p>06310-11-852<\/p>\n<p>06310-11-855<\/p>\n<p>04076-11-323<\/p>\n<p>04076-11-328<\/p>\n<p>06310-11-994<\/p>\n<p>Team Schalke<\/p>\n<p>03911-11-32<\/p>\n<p>03911-11-212<\/p>\n<p>Team Schlochterbach<\/p>\n<p>01997-11-400<\/p>\n<p>01997-11-410<\/p>\n<p>01997-11-420<\/p>\n<p>Team Scholz\/Holzgrefe<\/p>\n<p>0144-11-135<\/p>\n<p>0144-11-315<\/p>\n<p>0144-11-316<\/p>\n<p>Team Spiegelparadies<\/p>\n<p>08510-11-428<\/p>\n<p>Team Sharon<\/p>\n<p>08510-11-214<\/p>\n<p>Team Sulzbach<\/p>\n<p>05425-11-8<\/p>\n<p>05425-11-14<\/p>\n<p>05057-11-35<\/p>\n<p>05425-11-303<\/p>\n<p>05425-11-402<\/p>\n<p>05425-11-462<\/p>\n<p>Team Sylt 2000<\/p>\n<p>03911-11-465 Wienekamp,\u00a0 Hermann<\/p>\n<p>03911-11-464 Heun\/Makowski<\/p>\n<p>03585-11-441 Heun\/Makowski<\/p>\n<p>03585-11-459 Heun\/ Makowski<\/p>\n<p>03585-11-474 Heun\/Makoski<\/p>\n<p>05536-11-412 Ferchen, Willi<\/p>\n<p>05536-11-420 Ferchen, Willi<\/p>\n<p>05536-11-421 Ferchen, Willi<\/p>\n<p>05536-11-564 Altmiks\/Soudy<\/p>\n<p>05536-11-583 Altmiks\/Soudy<\/p>\n<p>0334-11-29 Goebel-Varney, Erhard &amp; Doris<\/p>\n<p>0334-11-36 Goebel-Varney, Erhard &amp; Doris\u00a0<\/p>\n<p>0334-11-47 Goebel-Varney, Erhard &amp; Doris<\/p>\n<p>0334-11-50 Goebel-Varney, Erhard &amp; Doris<\/p>\n<p>0334-11-105 Goebel-Varney, Erhard &amp; Doris<\/p>\n<p>01966-11-1005 Holdorf, Gerhard<\/p>\n<p>01966-11-1006 Holdorf, Gerhard<\/p>\n<p>08173-11-662 Schnackenberg, Hinrich<\/p>\n<p>Team Sturmv\u00f6gel<\/p>\n<p>08510-11-429<\/p>\n<p>Team Viola<\/p>\n<p>05271-11-757<\/p>\n<p>05271-11-760<\/p>\n<p>Team Wilhelm<\/p>\n<p>05271-11-741<\/p>\n<p>05271-11-753<\/p>\n<p>Team Wise Gyse<\/p>\n<p>0986-11-127<\/p>\n<p>0986-11-132<\/p>\n<p>Team Zaunk\u00f6nig<\/p>\n<p>0435-11-406<\/p>\n<p>0435-11-413<\/p>\n<p>08510-11-431<\/p>\n<p>08510-11-435<\/p>\n<p>Team ???<\/p>\n<p>0435-11-173<\/p>\n<p>0435-11-680<\/p>\n<p>Tepe, Alfred<\/p>\n<p>07194-11-649<\/p>\n<p>Thun, Walter<\/p>\n<p>01455-11-30<\/p>\n<p>01455-11-36<\/p>\n<p>Speedy<\/p>\n<p>01309-11-1053<\/p>\n<p>SG Vieten-Jasper-Korte<\/p>\n<p>03778-11-70<\/p>\n<p>04406-11-344<\/p>\n<p>04406-11-360<\/p>\n<p>Voelkel, Eckhard<\/p>\n<p>03285-11-102<\/p>\n<p>03285-11-105<\/p>\n<p>03285-11-113<\/p>\n<p>Waldow, Werner<\/p>\n<p>04858-11-1680<\/p>\n<p>04858-11-1715<\/p>\n<p>04858-11-1739<\/p>\n<p>04858-11-1859<\/p>\n<p>Weller, Horst<\/p>\n<p>05297-11-104<\/p>\n<p>05297-11-112<\/p>\n<p>Wietkamp, Udo<\/p>\n<p>07846-11-1021<\/p>\n<p>07846-11-1023<\/p>\n<p>Wienekamp, Hermann<\/p>\n<p>03911-11-468<\/p>\n<p>03911-11-473<\/p>\n<p>03911-11-488<\/p>\n","protected":false},"excerpt":{"rendered":"<p>Liebe Sportfreunde, am Sonntagabend waren 384 Tauben nach dem abendlichen Training da. Heute sind 380 Tauben eingekorbt worden und auf ca 5 km bei gutem Wetter um 19.30 aufgelassen worden. Die Tauben sind sehr gut gezogen und haben noch einige &hellip; <a href=\"https:\/\/taubenrennen.baiv.de\/?page_id=433\">Weiterlesen <span class=\"meta-nav\">&rarr;<\/span><\/a><\/p>\n","protected":false},"author":1,"featured_media":0,"parent":507,"menu_order":0,"comment_status":"open","ping_status":"closed","template":"","meta":{"footnotes":"","_links_to":"","_links_to_target":""},"class_list":["post-433","page","type-page","status-publish","hentry"],"_links":{"self":[{"href":"https:\/\/taubenrennen.baiv.de\/index.php?rest_route=\/wp\/v2\/pages\/433","targetHints":{"allow":["GET"]}}],"collection":[{"href":"https:\/\/taubenrennen.baiv.de\/index.php?rest_route=\/wp\/v2\/pages"}],"about":[{"href":"https:\/\/taubenrennen.baiv.de\/index.php?rest_route=\/wp\/v2\/types\/page"}],"author":[{"embeddable":true,"href":"https:\/\/taubenrennen.baiv.de\/index.php?rest_route=\/wp\/v2\/users\/1"}],"replies":[{"embeddable":true,"href":"https:\/\/taubenrennen.baiv.de\/index.php?rest_route=%2Fwp%2Fv2%2Fcomments&post=433"}],"version-history":[{"count":4,"href":"https:\/\/taubenrennen.baiv.de\/index.php?rest_route=\/wp\/v2\/pages\/433\/revisions"}],"predecessor-version":[{"id":518,"href":"https:\/\/taubenrennen.baiv.de\/index.php?rest_route=\/wp\/v2\/pages\/433\/revisions\/518"}],"up":[{"embeddable":true,"href":"https:\/\/taubenrennen.baiv.de\/index.php?rest_route=\/wp\/v2\/pages\/507"}],"wp:attachment":[{"href":"https:\/\/taubenrennen.baiv.de\/index.php?rest_route=%2Fwp%2Fv2%2Fmedia&parent=433"}],"curies":[{"name":"wp","href":"https:\/\/api.w.org\/{rel}","templated":true}]}}