{"id":754,"date":"2011-09-18T17:42:04","date_gmt":"2011-09-18T16:42:04","guid":{"rendered":"http:\/\/taubenrennen.baiv.de\/?page_id=754"},"modified":"2011-09-29T20:10:54","modified_gmt":"2011-09-29T19:10:54","slug":"rangliste-endflug-18-09-2011","status":"publish","type":"page","link":"https:\/\/taubenrennen.baiv.de\/?page_id=754","title":{"rendered":"Rangliste Endflug 18.09.2011"},"content":{"rendered":"<p>Endflug Teutoburgerwaldtaubenrennen 18.09.2011 ab Bad Br\u00fcckenau 240 km; Aufla\u00df 10.10 Uhr durch Aula\u00dfleiter Heinrich Scheiper; bew\u00f6lkt und gute Sicht leichter S\u00fcdwestwind.<br \/>\n                                                                                       Gebote f\u00fcr Versteigerung am 01.10.2011:<br \/>\n1\tBr\u00fchl, Hans\t\t07755-11-617 na\t         17:34:33,79<br \/>\n1\tTeam Sylt 2000\t\t05536-11-421 Ferchen\t17:34:33,79                200 Euro<br \/>\n1\tSpeedy\t\t\t01309-11-1053\t\t17:34:33,79<br \/>\n1\tAltmiks\/Soudy\t\t05536-11-565\t\t17:34:33,79                300 Euro<br \/>\n1\tSchweers, Hermann\t         0667-11-671\t\t17:34:33,79                150 Euro<br \/>\n6\tBuse, Karl\t\t01677-11-364\t\t17:41:54,31<br \/>\n7\tTeam Amazone\t\t01620-11-470\t\t17:46:26,60 1. Astaube<br \/>\n8\tGr\u00f6ne, Richard\t\t08592-11-578\t\t17:46:47,85<br \/>\n9        Gr\u00f6ne, Richard             08592-11-577                18:50:36,45<br \/>\n10       M\u00fcller, Elmar              0100-11-1028                19:22:26,55                40 Euro<br \/>\n11       Team Sylt 2000             01966-11-1005 Holdorf       19:27:44,14<br \/>\n12       Team ??? STBR              0435-11-680                 19:40:09,49<br \/>\n13       Team Aichazandt            07736-11-1472               19:43:57,45              50 Euro<br \/>\n14       Gr\u00f6ne, Richard             08592-11-800                19:49:57,45<br \/>\n15       Team Aichazandt            05136-11-110                07:53:02,07<br \/>\n16       M\u00fcller, Elmar              0100-11-1027                08:04:36,37               40 Euro<br \/>\n17       Blome, Andre               06629-11-381                08:09:43,68<br \/>\n18       Henk Janny`s Races         03434-11-502                08:14:16,43 2.Astaube    75 Euro<br \/>\n19       Altmiks \/ Soudy            05536-11-594                08:17:27,29<br \/>\n20       Weller, Horst              05297-11-104                08:23:11,31<br \/>\n21       Weller, Horst              05297-11-112                08:42:15,35<br \/>\n22       Team Fine                  08510-11-430 d na           08:45:36,43<br \/>\n23       Mayer, Siegfried           0435-11-417                 08:50:41,32<br \/>\n24 Team Taubenschlag-Blockhaus.de   07194-11-743 Pahnke\/Sch     09:04:41,32<br \/>\n25       SG Pahde                   04563-11-413                09:25:05,17<br \/>\n26       Team Aichazandt            08382-11-59                 09:42:53,87<br \/>\n27       Eschenberg, Oliver         06967-11-65 Markus, Norbert 10:15:09,39<br \/>\n28       Schweers, Hermann          0667-11-688                 10:28:48,75<br \/>\n29       Team Herman und Marius     02694-11-26                 10:29:27,18<br \/>\n30       Team Elvis                 0643-11-1563                11:11:36,23<br \/>\n31       Altmiks \/ Soudy            02694-11-25                 11:24:44,34<br \/>\n32       Team Aichazandt            03485-11-1422               11:28:14,47                 100 Euro<br \/>\n33       Team Herkules-Kassel       03801-11-360                11:32:48,06<br \/>\n34       Schacht, Peter und Erna    08345-11-414                11:33:07,13<br \/>\n35       Team Eggebote              01170-11-1289               12:52:56,65<br \/>\n36       Ferchen, Willi u Marlies   05536-11-442                13:16:19,11<br \/>\n37       Missy\/Gessner              04812-11-726                14:28:23,19<br \/>\n38       Overmeyer, Albert          08074-11-543                14:32:11,39<br \/>\n39       Reckermann, Hubert         06021-11-513                14:33:02,63<br \/>\n40       Team Himmelsst\u00fcrmer        02595-11-58                 14:36:11,15<br \/>\n41       Schweers, Hermann          0667-11-685 na              16:40:12,26<br \/>\n42       Team Aichazandt            05057-11-518 na<br \/>\n43       SG Heiko G\u00f6bel             0855-11-1428<br \/>\n44       SG Heiko G\u00f6bel             0855-11-1425<br \/>\nEnde der Geldplatzierungen<\/p>\n<p>Asstaubenwertung bisheriger Stand nach Punkten:<br \/>\n1. Team Amazone 01620-11-470<br \/>\n2. Henk Janny\u00b4s Races 03414-11-502<br \/>\n3. Team Scholz-Holzgrefe 0144-11-316<\/p>\n<p>Fr\u00fcheinzahlerbonus gewinnt Hermann Schweers: er hatte vor dem 15.01.2011 eingezahlt!<\/p>\n","protected":false},"excerpt":{"rendered":"<p>Endflug Teutoburgerwaldtaubenrennen 18.09.2011 ab Bad Br\u00fcckenau 240 km; Aufla\u00df 10.10 Uhr durch Aula\u00dfleiter Heinrich Scheiper; bew\u00f6lkt und gute Sicht leichter S\u00fcdwestwind. Gebote f\u00fcr Versteigerung am 01.10.2011: 1 Br\u00fchl, Hans 07755-11-617 na 17:34:33,79 1 Team Sylt 2000 05536-11-421 Ferchen 17:34:33,79 200 &hellip; <a href=\"https:\/\/taubenrennen.baiv.de\/?page_id=754\">Weiterlesen <span class=\"meta-nav\">&rarr;<\/span><\/a><\/p>\n","protected":false},"author":1,"featured_media":0,"parent":445,"menu_order":0,"comment_status":"open","ping_status":"closed","template":"","meta":{"footnotes":"","_links_to":"","_links_to_target":""},"class_list":["post-754","page","type-page","status-publish","hentry"],"_links":{"self":[{"href":"https:\/\/taubenrennen.baiv.de\/index.php?rest_route=\/wp\/v2\/pages\/754","targetHints":{"allow":["GET"]}}],"collection":[{"href":"https:\/\/taubenrennen.baiv.de\/index.php?rest_route=\/wp\/v2\/pages"}],"about":[{"href":"https:\/\/taubenrennen.baiv.de\/index.php?rest_route=\/wp\/v2\/types\/page"}],"author":[{"embeddable":true,"href":"https:\/\/taubenrennen.baiv.de\/index.php?rest_route=\/wp\/v2\/users\/1"}],"replies":[{"embeddable":true,"href":"https:\/\/taubenrennen.baiv.de\/index.php?rest_route=%2Fwp%2Fv2%2Fcomments&post=754"}],"version-history":[{"count":31,"href":"https:\/\/taubenrennen.baiv.de\/index.php?rest_route=\/wp\/v2\/pages\/754\/revisions"}],"predecessor-version":[{"id":762,"href":"https:\/\/taubenrennen.baiv.de\/index.php?rest_route=\/wp\/v2\/pages\/754\/revisions\/762"}],"up":[{"embeddable":true,"href":"https:\/\/taubenrennen.baiv.de\/index.php?rest_route=\/wp\/v2\/pages\/445"}],"wp:attachment":[{"href":"https:\/\/taubenrennen.baiv.de\/index.php?rest_route=%2Fwp%2Fv2%2Fmedia&parent=754"}],"curies":[{"name":"wp","href":"https:\/\/api.w.org\/{rel}","templated":true}]}}