{"id":852,"date":"2011-11-03T09:26:30","date_gmt":"2011-11-03T08:26:30","guid":{"rendered":"http:\/\/taubenrennen.baiv.de\/?page_id=852"},"modified":"2012-09-20T22:30:50","modified_gmt":"2012-09-20T21:30:50","slug":"ausschreibung-2012","status":"publish","type":"page","link":"https:\/\/taubenrennen.baiv.de\/?page_id=852","title":{"rendered":"Ausschreibung 2012"},"content":{"rendered":"<p>Einladung zum 3. internationalen Teutoburgerwaldtaubenrennen im Taubensport www.teutoburgerwaldtaubenrennen.de<br \/>\nAm Freitag den 21.09.2012 mit super Gewinnm\u00f6glichkeiten!<br \/>\nMachen auch Sie mit beim Teutoburgerwaldtaubenrennen!<br \/>\nWas ist m\u00f6glich? Bei \u00fcber 100 vollbezahlten Tauben werden 60% davon als Preisgeld auf dem Endflug, den Preisfl\u00fcgen sowie Astaubenwertung ausgesch\u00fcttet!<br \/>\nBei mindestens 400 vollbezahlten Tauben werden 100 Geldpreise garantiert und die erste Taube gewinnt 8.000 Euro und die 100. als letzte Preistaube erh\u00e4lt noch 200 Euro. Bei weniger vollbezahlten Tauben sinkt die Anzahl der Geldpreise. (25% der Hauptaktivierten (HA) = Geldpreise (GP); die letzte Preistaube erh\u00e4lt immer 200 Euro; bei 300 HA=75 GP (erste 6000 Euro); bei 200=50 GP (erste 4000 Euro), bei 100=25 (erste 2500 Euro)<br \/>\nDer Endflug findet am Freitag, 21.09.2012 ab Bamberg (330km) bei guter Witterung statt. (bei schlechter Wetterprognose am Sa oder So oder eine Woche sp\u00e4ter!)<br \/>\nHauptanlieferung der Tauben vom 10.05.2012 bis 31.05.2012! Nur diese M\u00f6glichkeit! Die Tauben sollten mindestens 30 Tage alt sein und 10 Tage vorher gegen Paramyxo geimpft worden sein. Die Tauben werden vom Veranstalter nochmals geimpft!<br \/>\nErsatzanlieferung f\u00fcr zu Beginn am Haus verloren gegangene Tauben bis zum 06.06.2012 (keine weitere Alternative m\u00f6glich!!!!)<br \/>\nAnlieferungsgeb\u00fchr betr\u00e4gt 50 Euro \/ Taube !<br \/>\nDer Betrag mu\u00df vor bzw bei Anlieferung bezahlt werden. Die Hauptaktivierung und Bezahlung der restlichen 150 Euro erfolgt nach dem letzten Preisflug, falls die Taube dann noch da ist und zum Endflug gesetzt wird. Interessante Geldpreise werden auch schon bei den Preisfl\u00fcgen ausgeflogen. Die 50 Euro Anlieferungsgeb\u00fchr wird bei Abhandenkommen der Tauben nicht zur\u00fcckerstattet. Bei 400 mit 50 Euro bezahlten Tauben gibt es auf jedem Preisflug 5 Geldpreise. Informationen: Christoph Gr\u00f6ne 05401-368650 oder 0170-9653730 chris.groene@osnanet.de<br \/>\nAm Sonntag den 27.05.2012 Tag der Offenen T\u00fcr von 11.00 bis 17.00 mit Taubenanlieferung!<br \/>\nDie Kosten betragen 200 Euro pro Taube (ab 5 mit jeweils 50 Euro angelieferten und bezahlten gibt es drei Ersatztauben). F\u00fcr die Ersatztauben werden bei Anlieferung keine 50 Euro f\u00e4llig. Alle Tauben incl. der Ersatztauben k\u00f6nnen sp\u00e4testens zum Endflug vom Z\u00fcchter f\u00fcr 150 Euro aktiviert werden.<br \/>\nNicht aktivierte Tauben k\u00f6nnen f\u00fcr 200 Euro von Dritten aktiviert werden.<br \/>\nVersteigerung: alle zur\u00fcckgekehrten Tauben werden am Samstag den 20.10.2012 versteigert; sie werden auf der Homepage schon vorgesteigert und am Versteigerungstag k\u00f6nnen Gebote auf Zetteln abgegeben werden. Vom Versteigerungserl\u00f6s der hauptaktivierten Tauben erh\u00e4lt der Z\u00fcchter oder die Teams 50% bis zum 20.10.2012.<br \/>\nDie Siegerehrung findet am Tag der Versteigerung statt.<br \/>\nDas Teutoburgerwaldtaubenrennenteam begr\u00fc\u00dft Sie und Ihre Freunde recht herzlich zu diesem besonderen Rennen in der N\u00e4he Osnabr\u00fccks.<br \/>\nLassen Sie es sich nicht entgehen, dabei zu sein. Sprechen Sie auch gerne Bekannte oder Unternehmen aus Ihrer Region an, um gemeinsam eine oder mehrere Tauben ins Rennen zu schicken.<br \/>\nInformationen und Anmeldung \u00fcber: www.teutoburgerwaldtaubenrennen.de<br \/>\nDipl. Ing. agr<br \/>\nChristoph Gr\u00f6ne<br \/>\nDr\u00f6per Mark 2<br \/>\n49124 Georgsmarienh\u00fctte<br \/>\nTel: 05401-368650<br \/>\nMobil: 0170-9653730 Bankverbindung: Sparkasse Osnabr\u00fcck<br \/>\nFax: 05401-368649 Christoph Gr\u00f6ne, Ktnr 730 73 66,<br \/>\nEmail: chris.groene@osnanet.de BLZ: 26550105<br \/>\nAnmeldung zum 3. Teutoburgerwaldtaubenrennen: Fax 05401-368649 oder s.o.! www.teutoburgerwaldtaubenrennen.de<br \/>\nChristoph Gr\u00f6ne, Dr\u00f6per Mark 2, 49124 Georgsmarienh\u00fctte<br \/>\nMobil: 0170-9653730 Bankverbindung: Sparkasse Osnabr\u00fcck<br \/>\nFax: 05401-368649 Christoph Gr\u00f6ne, Ktnr 730 73 66,<br \/>\nEmail: chris.groene@osnanet.de BLZ: 26550105<br \/>\nHiermit melde ich __________Taube(n) zum Rennen 2012 an.<br \/>\nDen Betrag in H\u00f6he von__________ Euro f\u00fcr____Tauben_________ \u00fcberweise ich auf obengenanntes Konto;<br \/>\n________ entrichte ich in Bar bei der Anlieferung<br \/>\n________ entrichte ich per Scheck.<\/p>\n<p>Name, Vorname:________________________________________<br \/>\nAdresse:_______________________________________________<br \/>\nTel\/Fax:________________________________________________<br \/>\nEmail:_________________________________________________<br \/>\nDatum:________________ Unterschrift:_____________________<\/p>\n<p>Anlieferungsgeb\u00fchr pro Taube betr\u00e4gt 50 Euro!<br \/>\nDie Kosten betragen 200 Euro (50 Euro Anlieferung und 150 Euro Hauptaktivierung vor dem Endflug) pro Taube (ab 5 mit jeweils 50 Euro angelieferten und bezahlten Tauben gibt es drei Ersatztauben). F\u00fcr die Ersatztauben werden bei Anlieferung keine 50 Euro f\u00e4llig.<br \/>\nDie Tauben und die Ersatztauben k\u00f6nnen bzw m\u00fcssen sp\u00e4testens zum Endflug vom Z\u00fcchter f\u00fcr weitere 150 Euro aktiviert werden; ansonsten werden sie zur Aktivierung freigegeben. Nicht aktivierte Tauben k\u00f6nnen f\u00fcr 200 Euro von Dritten aktiviert werden.<\/p>\n","protected":false},"excerpt":{"rendered":"<p>Einladung zum 3. internationalen Teutoburgerwaldtaubenrennen im Taubensport www.teutoburgerwaldtaubenrennen.de Am Freitag den 21.09.2012 mit super Gewinnm\u00f6glichkeiten! Machen auch Sie mit beim Teutoburgerwaldtaubenrennen! Was ist m\u00f6glich? Bei \u00fcber 100 vollbezahlten Tauben werden 60% davon als Preisgeld auf dem Endflug, den Preisfl\u00fcgen sowie &hellip; <a href=\"https:\/\/taubenrennen.baiv.de\/?page_id=852\">Weiterlesen <span class=\"meta-nav\">&rarr;<\/span><\/a><\/p>\n","protected":false},"author":1,"featured_media":0,"parent":985,"menu_order":0,"comment_status":"open","ping_status":"closed","template":"","meta":{"footnotes":"","_links_to":"","_links_to_target":""},"class_list":["post-852","page","type-page","status-publish","hentry"],"_links":{"self":[{"href":"https:\/\/taubenrennen.baiv.de\/index.php?rest_route=\/wp\/v2\/pages\/852","targetHints":{"allow":["GET"]}}],"collection":[{"href":"https:\/\/taubenrennen.baiv.de\/index.php?rest_route=\/wp\/v2\/pages"}],"about":[{"href":"https:\/\/taubenrennen.baiv.de\/index.php?rest_route=\/wp\/v2\/types\/page"}],"author":[{"embeddable":true,"href":"https:\/\/taubenrennen.baiv.de\/index.php?rest_route=\/wp\/v2\/users\/1"}],"replies":[{"embeddable":true,"href":"https:\/\/taubenrennen.baiv.de\/index.php?rest_route=%2Fwp%2Fv2%2Fcomments&post=852"}],"version-history":[{"count":6,"href":"https:\/\/taubenrennen.baiv.de\/index.php?rest_route=\/wp\/v2\/pages\/852\/revisions"}],"predecessor-version":[{"id":856,"href":"https:\/\/taubenrennen.baiv.de\/index.php?rest_route=\/wp\/v2\/pages\/852\/revisions\/856"}],"up":[{"embeddable":true,"href":"https:\/\/taubenrennen.baiv.de\/index.php?rest_route=\/wp\/v2\/pages\/985"}],"wp:attachment":[{"href":"https:\/\/taubenrennen.baiv.de\/index.php?rest_route=%2Fwp%2Fv2%2Fmedia&parent=852"}],"curies":[{"name":"wp","href":"https:\/\/api.w.org\/{rel}","templated":true}]}}