{"id":860,"date":"2011-11-04T13:49:54","date_gmt":"2011-11-04T12:49:54","guid":{"rendered":"http:\/\/taubenrennen.baiv.de\/?page_id=860"},"modified":"2012-09-04T21:50:47","modified_gmt":"2012-09-04T20:50:47","slug":"anmeldung-3-internationales-teutoburgerwaldtaubenrennen-2012","status":"publish","type":"page","link":"https:\/\/taubenrennen.baiv.de\/?page_id=860","title":{"rendered":"Anmeldung 3. internationales Teutoburgerwaldtaubenrennen 2012"},"content":{"rendered":"<p>Anmeldung zum 3. Teutoburgerwaldtaubenrennen: Fax 05401-368649! www.teutoburgerwaldtaubenrennen.de<br \/>\nChristoph Gr\u00f6ne, Dr\u00f6per Mark 2, 49124 Georgsmarienh\u00fctte Tel: 05401-368650<br \/>\nMobil: 0170-9653730 Bankverbindung: Sparkasse Osnabr\u00fcck<br \/>\nFax: 05401-368649 Christoph Gr\u00f6ne, Ktnr 730 73 66,<br \/>\nEmail: chris.groene@osnanet.de BLZ: 26550105<br \/>\nHiermit melde ich __________Taube(n) zum Rennen 2012 an.<br \/>\nDen Betrag in H\u00f6he von__________ Euro f\u00fcr____Tauben_________ \u00fcberweise ich auf obengenanntes Konto;<br \/>\n________ entrichte ich in Bar bei der Anlieferung<br \/>\n________ entrichte ich per Scheck.<\/p>\n<p>Name, Vorname:________________________________________<br \/>\nAdresse:_______________________________________________<br \/>\nTel\/Fax:________________________________________________<br \/>\nEmail:_________________________________________________<br \/>\nDatum:________________ Unterschrift:_____________________<\/p>\n<p>Anlieferungsgeb\u00fchr pro Taube betr\u00e4gt 50 Euro!<br \/>\nDie Kosten betragen 200 Euro (50 Euro Anlieferung und 150 Euro Hauptaktivierung vor dem Endflug) pro Taube (ab 5 mit jeweils 50 Euro angelieferten und bezahlten Tauben gibt es drei Ersatztauben). F\u00fcr die Ersatztauben werden bei Anlieferung keine 50 Euro f\u00e4llig.<br \/>\nDie Tauben und die Ersatztauben k\u00f6nnen bzw m\u00fcssen sp\u00e4testens zum Endflug vom Z\u00fcchter f\u00fcr weitere 150 Euro aktiviert werden; ansonsten werden sie zur Aktivierung freigegeben. Nicht aktivierte Tauben k\u00f6nnen f\u00fcr 200 Euro von Dritten aktiviert werden.<\/p>\n","protected":false},"excerpt":{"rendered":"<p>Anmeldung zum 3. Teutoburgerwaldtaubenrennen: Fax 05401-368649! www.teutoburgerwaldtaubenrennen.de Christoph Gr\u00f6ne, Dr\u00f6per Mark 2, 49124 Georgsmarienh\u00fctte Tel: 05401-368650 Mobil: 0170-9653730 Bankverbindung: Sparkasse Osnabr\u00fcck Fax: 05401-368649 Christoph Gr\u00f6ne, Ktnr 730 73 66, Email: chris.groene@osnanet.de BLZ: 26550105 Hiermit melde ich __________Taube(n) zum Rennen 2012 &hellip; <a href=\"https:\/\/taubenrennen.baiv.de\/?page_id=860\">Weiterlesen <span class=\"meta-nav\">&rarr;<\/span><\/a><\/p>\n","protected":false},"author":1,"featured_media":0,"parent":985,"menu_order":0,"comment_status":"open","ping_status":"closed","template":"","meta":{"footnotes":"","_links_to":"","_links_to_target":""},"class_list":["post-860","page","type-page","status-publish","hentry"],"_links":{"self":[{"href":"https:\/\/taubenrennen.baiv.de\/index.php?rest_route=\/wp\/v2\/pages\/860","targetHints":{"allow":["GET"]}}],"collection":[{"href":"https:\/\/taubenrennen.baiv.de\/index.php?rest_route=\/wp\/v2\/pages"}],"about":[{"href":"https:\/\/taubenrennen.baiv.de\/index.php?rest_route=\/wp\/v2\/types\/page"}],"author":[{"embeddable":true,"href":"https:\/\/taubenrennen.baiv.de\/index.php?rest_route=\/wp\/v2\/users\/1"}],"replies":[{"embeddable":true,"href":"https:\/\/taubenrennen.baiv.de\/index.php?rest_route=%2Fwp%2Fv2%2Fcomments&post=860"}],"version-history":[{"count":4,"href":"https:\/\/taubenrennen.baiv.de\/index.php?rest_route=\/wp\/v2\/pages\/860\/revisions"}],"predecessor-version":[{"id":1029,"href":"https:\/\/taubenrennen.baiv.de\/index.php?rest_route=\/wp\/v2\/pages\/860\/revisions\/1029"}],"up":[{"embeddable":true,"href":"https:\/\/taubenrennen.baiv.de\/index.php?rest_route=\/wp\/v2\/pages\/985"}],"wp:attachment":[{"href":"https:\/\/taubenrennen.baiv.de\/index.php?rest_route=%2Fwp%2Fv2%2Fmedia&parent=860"}],"curies":[{"name":"wp","href":"https:\/\/api.w.org\/{rel}","templated":true}]}}